90, 4*f = -t*d + 25 + 93. Suppose -3*v + 332 = v. What is the remainder when v is divided by f?
27
Let w(z) = -120*z**2 + 24 + 59*z**2 + z + z**3 + 67*z**2. What is the remainder when 197 is divided by w(-6)?
17
Let n = 349808 + -349773. What is the remainder when (-21)/(-12)*19*4 is divided by n?
28
Calculate the remainder when 16511 is divided by ((-1311)/(-38))/(25/(-20) + 2).
43
Let w = -212 - -209. Calculate the remainder when 62 is divided by ((-38)/w)/((-76)/(-114)).
5
Calculate the remainder when 260 is divided by ((-564)/30 - 0)*35/(-14).
25
Let m(n) = -n**3 + 4*n**2 - 3*n + 1. Suppose -9 + 7 = -s. Calculate the remainder when m(s) is divided by 2/(-2) + (5 - 1).
0
Let n = -54 + 51. What is the remainder when 0 - n - 376/(-1*2) is divided by 32?
31
Let p(z) be the first derivative of -2*z**2 + 2 + 14*z + 1/4*z**4 + 4/3*z**3. Calculate the remainder when 89 is divided by p(-5).
8
Let s(q) = -q + 2. Let h be s(-6). Let j = -150 - -162. Suppose j*w - h*w = 16. What is the remainder when 15 is divided by w?
3
Let t(k) = k**3 - 8*k**2 + k - 12. Let i be t(8). Let j(w) = -4*w**3 - 7*w**2 - 9*w + 3. What is the remainder when j(i) is divided by 47?
42
Let p(q) be the second derivative of -q**4/12 + 16*q**3/3 + 28*q**2 - 13*q. What is the remainder when 87 is divided by p(32)?
31
Suppose 1151 - 5710 = -501*x + 4459. Suppose 5*v = 10, 3*v = -o + 68 + 7. What is the remainder when o is divided by x?
15
Let k(h) = h**3 + 21*h**2 - 24*h - 2. Suppose -t + 3*m - 31 = 0, m - 12 = -9. Calculate the remainder when 65 is divided by k(t).
23
Let m(w) = 2*w**2 - 7*w + 5. Suppose 417*y - 236*y = 214*y - 3828. Calculate the remainder when y is divided by m(4).
8
Let o(y) = -y**3 - 8*y**2 - 10*y + 12. Let z be o(-6). Suppose z = -21*s + 26*s - 660. Calculate the remainder when s is divided by 46.
40
Suppose 0 = -2*z + 33 + 73. Let k = 305 + -646. Let g = 359 + k. Calculate the remainder when z is divided by g.
17
Let z(s) = s**3 - 4*s**2 + 11*s - 14. Let c be z(3). Calculate the remainder when (8 - (-7224)/60) + 6/c is divided by 49.
31
Suppose 5*c - 811*u = -815*u + 194, c - 33 = 5*u. Calculate the remainder when 1175 is divided by c.
35
Let f(q) = -q**3 + 16*q**2 - 9*q + 14. Suppose 790 = 77*i - 2059. What is the remainder when f(13) is divided by i?
34
Suppose -5*v + 0*r - 3*r = 22, 0 = v - 4*r - 14. Let k = -503 - -538. Calculate the remainder when k is divided by (-114)/15*5/v.
16
What is the remainder when 287 is divided by 129 - ((-22)/143 + 84/39)?
33
Suppose 2*m + 3 = -y, -2*m - 3*m = y. Suppose 0 = -5*g - o + 55, 4*g - m = 4*o + 19. Calculate the remainder when g is divided by 12*((-56)/(-21) - 2).
2
Suppose -5*r + 2349 = 4*n, -29*n + 27*n + 938 = 2*r. What is the remainder when r is divided by 95?
93
Suppose -12*z + 1232 = -5*z. Let c = z - 165. What is the remainder when 296 is divided by c?
10
Let x = -726 - -769. Suppose 4*n + x*l = 42*l + 1169, -607 = -2*n - 5*l. What is the remainder when n is divided by 98?
95
Let q(c) = -c**3 + 36*c**2 - 65*c - 5. Calculate the remainder when q(34) is divided by (2 - (4 - 0)) + 1 + 16.
7
Suppose 3*h + 1 = -2*b - 23, h + 4 = 0. Let x(m) be the first derivative of 2*m**3/3 + 2*m**2 + 2*m + 389. Calculate the remainder when x(b) is divided by 17.
16
Calculate the remainder when (-27685)/1130*(-2 - (-726)/(-7)) is divided by 43.
10
Let s = 10 + 17. Suppose 7*z = -306 - 632. Let k = z - -239. Calculate the remainder when k is divided by s.
24
Let v = -47280 + 47320. Suppose 3*w - a - 1916 = -0*a, 5*w = -4*a + 3199. What is the remainder when w is divided by v?
39
Let c(s) = -3*s - 25. Suppose -60 = -62*u + 67*u. What is the remainder when 130 is divided by c(u)?
9
Let t be ((-11 - -11)/(-9))/(2*1). Suppose t = -5*y + 518 + 162. What is the remainder when y is divided by 20?
16
Let q(m) = 2*m**2 + m - 1. Let k(n) = n**2 + 3*n - 3. Let g be k(-3). What is the remainder when (-3)/(-9 - 0) - 1040/(-39) is divided by q(g)?
13
Suppose m - 12 = -5*y, 2*y = 4*y - 5*m + 6. Let s be (-30)/(y + 1) - -4. Let k(j) = j**2 + 5*j - 2. What is the remainder when 13 is divided by k(s)?
1
Suppose 28*x + 81 = 32*x + 3*y, -x + y = -36. What is the remainder when 4576 is divided by x?
13
Let o = 366 + -362. What is the remainder when 4/(-32)*-4*10 is divided by o?
1
Suppose -817*y - 3520 = -849*y. Calculate the remainder when 653 is divided by y.
103
Let i(j) = -j**2 + 19*j - 44. Let w be i(17). What is the remainder when 20 is divided by ((-8 - w)*(0 - 2))/(-1)?
0
Let w = -1709 - -1909. What is the remainder when w is divided by 164?
36
Suppose -5*u = 2*f - 892, -4*f - 28*u = -29*u - 1850. What is the remainder when f is divided by 67?
59
Suppose 7*w = -9*w + 160. Calculate the remainder when (-32)/(-144) + (-151)/(-9) is divided by w.
7
Let g(y) = y**3 + 13*y**2 - 79*y - 101. What is the remainder when 1031 is divided by g(-17)?
85
Let k(y) = -115*y**3 - y**2 - y + 1. Let l(u) = 3*u**2. Let w(x) = k(x) - 2*l(x). What is the remainder when w(-1) is divided by 1 - 1 - -2 - -17?
15
Suppose -2*x + 4 + 16 = 0. Suppose 34*d + 4267 + 153 = 0. What is the remainder when (12/x)/((-3)/d) is divided by 11?
8
Let p(t) = 5*t + 1. Suppose -5*k + 61 = -u, -5*k = u - 6*k + 41. Calculate the remainder when p(2) is divided by u/15*(4 - (-78)/(-12)).
5
Suppose -f - f + d = -6, -d - 2 = 0. Suppose 3*y - 4*z = -410, 10*y - 5*y = 4*z - 670. Let h = y + 139. Calculate the remainder when h is divided by f.
1
Let b(z) = z**3 - z**2 + 2*z + 4. Let d be b(0). Calculate the remainder when 127 is divided by -3 - 4/(-10)*(d - -111).
41
Let h = 94 + 12. Suppose 18*u + 108*u - 4154 + 752 = 0. Calculate the remainder when h is divided by u.
25
Suppose 10*y + 8 = 6*y. Let a be y + 366/16 + (-8)/(-64). Suppose -3*l + 4*l = a. Calculate the remainder when 83 is divided by l.
20
Let y be 1/4 - 1/4. Suppose -c - 13 = -k, 2*k + 5*c + 2 = -y*k. Let j(x) = -11521*x - 34537. What is the remainder when j(-3) is divided by k?
8
What is the remainder when (-186)/(-1) + 1630/163 is divided by 111?
85
Let p be ((-2)/3)/(12/18). Let k be ((-9)/(-9))/(p/(-3)). Suppose -k*d + 22 = 4*w - 3*w, -w = -3*d + 26. What is the remainder when 37 is divided by d?
5
Let l = 8979 - 8958. Calculate the remainder when 12639 is divided by l.
18
Let q be 7/1*30/(-14)*2. What is the remainder when 43 is divided by (-30)/4*(5 + 246/q)?
19
Let h(x) = x + 7. Let w be h(-3). Suppose -r + w = -2. Calculate the remainder when 32 is divided by r.
2
Suppose 4*l - 55 = 15*l. Let h be 1 + (-3 + 1)*-1. What is the remainder when 70 is divided by 17 + (h/4 - l/20)?
16
Suppose -6*c = -9 + 3. Suppose c = -6*a + 13. Suppose 5*t - 32 = -a*n, n = -5*t + t + 16. Calculate the remainder when 30 is divided by n.
14
Let p(m) = m + 17. Let j be p(-13). Suppose j*i - 184 = -2*r + 6*r, -r = 5*i + 28. Let l = r - -53. What is the remainder when 18 is divided by l?
8
Suppose -637 = -138*g + 131*g. Let q(l) = 64*l + 61. Let o(a) = -16*a - 15. Let f(m) = 9*o(m) + 2*q(m). What is the remainder when g is divided by f(-2)?
15
Let r = -847 - -3695. Suppose -63*a + r = 265. What is the remainder when ((-4)/5)/((-4)/610) is divided by a?
40
Calculate the remainder when (-830)/(-16) + (-13)/(-104) is divided by 12.
4
Let l(y) = 23*y**2 - 4*y - 8. Let x be l(-2). Suppose 5*d - x = -97. Let i = 60 + d. Calculate the remainder when i is divided by 20.
19
Suppose 11*n - 6*n + 13*r = 539, 253 = 3*n - r. What is the remainder when 128 is divided by n?
41
Suppose -2*o - 330 = -5*f, f + 3*o - 54 = o. Suppose -f - 13 = -7*k. Calculate the remainder when 55 + (-8)/4*2 is divided by k.
7
Let y = 88 - -9. Let m(n) = 11*n**2 + 4*n - 3. Let f(h) = -h. Let c be f(-2). Calculate the remainder when y is divided by m(c).
48
Suppose 0 = 22*m - 20*m - 42. What is the remainder when 642/8 + -3*(-8)/(-96) is divided by m?
17
Let m(y) = -28*y**2 - 41*y - 23. Let n be m(-5). What is the remainder when 120/600 + n/(-10) is divided by 20?
12
Let o(f) = 3*f**2 + 4*f - 5. Let h(z) = 10*z**2 - 21*z + 32. What is the remainder when h(-5) is divided by o(-6)?
71
Suppose -3*l = 48 - 213. Suppose -9*n - l = 53. Calculate the remainder when (2*(-30)/8)/(2/n) is divided by 8.
5
Let h(r) be the second derivative of -r**5/20 + 7*r**4/6 + 5*r**3/6 + 21*r**2/2 - 7